{"id":21,"date":"2016-11-24T16:07:17","date_gmt":"2016-11-24T15:07:17","guid":{"rendered":"http:\/\/www.wohnmobil-soest.de\/?page_id=21"},"modified":"2024-11-11T11:57:54","modified_gmt":"2024-11-11T10:57:54","slug":"zubehoer","status":"publish","type":"page","link":"https:\/\/www.wohnmobil-soest.de\/index.php\/zubehoer\/","title":{"rendered":"Service &#038; Zubeh\u00f6r"},"content":{"rendered":"<p><strong>Service:<br \/>\n<\/strong>Montage und Verkauf von Markisen, SAT-TV Anlagen und Solaranlagen auf Kastenwagen.<\/p>\n<p><strong>Gaspr\u00fcfung nach G607 k\u00f6nnen auch bei Ihnen zu Hause oder auf Campingpl\u00e4tzen durchgef\u00fchrt werden. Je nach Entfernung und Aufwand ab 40,- EUR. Rufen Sie uns an um einen genauen Preis zu vereinbaren.<\/strong><\/p>\n<p><strong>Zubeh\u00f6r:<\/strong><br \/>\nAlles was Sie f\u00fcr Ihren perfekten Campingurlaub ben\u00f6tigen, k\u00f6nnen wir Ihnen besorgen. In unserem Laden in der Kurf\u00fcrstenstra\u00dfe 24 in Warstein-Hirschberg haben wir eine kleine Auswahl von Campingartikeln zum Verkauf ausgestellt.<\/p>\n<p>Wir bieten Zubeh\u00f6r der Firmen Frankana, Freiko sowie der Firma Reimo an, dass Sie auch bequem von zu Hause aus ausw\u00e4hlen und anschlie\u00dfend bei uns bestellen oder abholen k\u00f6nnen. Besuchen Sie daf\u00fcr die Internetseiten www.frankana.de oder www.freiko.de. Hier finden Sie dar\u00fcber hinaus noch mehr technische Details, viele Informationen, Videos sowie Aufbauanleitungen.<\/p>\n<p><strong><br \/>\n\u00d6ffnungszeiten:<\/strong><\/p>\n<p>nach telefonischer Vereinbarung:<br \/>\nTel.: 02902\/912479 oder 0151\/74400443<\/p>\n<table border=\"0\" width=\"100%\" cellspacing=\"0\" cellpadding=\"4\">\n<tbody>\n<tr bgcolor=\"#CCCCCC\">\n<td align=\"left\" valign=\"top\"><b>Sonderzubeh\u00f6r in der Vermietung:<\/b><\/td>\n<td align=\"right\" valign=\"top\"><\/td>\n<\/tr>\n<tr bgcolor=\"#F5F5F5\">\n<td align=\"left\" valign=\"top\"><\/td>\n<td align=\"right\" valign=\"top\"><sub>Preis pro Mietzeitraum<\/sub><\/td>\n<\/tr>\n<tr bgcolor=\"#DDDDDD\">\n<td align=\"left\" valign=\"top\"><\/td>\n<td align=\"right\" valign=\"top\"><\/td>\n<\/tr>\n<tr bgcolor=\"#F5F5F5\">\n<td align=\"left\" valign=\"top\">mobile Koffer-Sat-Anlage<\/td>\n<td align=\"right\" valign=\"top\">30,00 Euro<\/td>\n<\/tr>\n<tr bgcolor=\"#DDDDDD\">\n<td align=\"left\" valign=\"top\">Flachbildfernseher<\/td>\n<td align=\"right\" valign=\"top\">30,00 Euro<\/td>\n<\/tr>\n<tr bgcolor=\"#F5F5F5\">\n<td align=\"left\" valign=\"top\">Campingtisch<\/td>\n<td align=\"right\" valign=\"top\">10,00 Euro<\/td>\n<\/tr>\n<tr bgcolor=\"#DDDDDD\">\n<td align=\"left\" valign=\"top\">Campingstuhl<\/td>\n<td align=\"right\" valign=\"top\">5,00 Euro<\/td>\n<\/tr>\n<tr bgcolor=\"#F5F5F5\">\n<td align=\"left\" valign=\"top\">Camping-K\u00fcchenset<\/td>\n<td align=\"right\" valign=\"top\">20,00 Euro<\/td>\n<\/tr>\n<tr bgcolor=\"#DDDDDD\">\n<td align=\"left\" valign=\"top\">mobiles Navigationsger\u00e4t<\/td>\n<td align=\"right\" valign=\"top\">20,00 Euro<\/td>\n<\/tr>\n<tr bgcolor=\"#F5F5F5\">\n<td align=\"left\" valign=\"top\">mobiles Gaswarnger\u00e4t<\/td>\n<td align=\"right\" valign=\"top\">10,00 Euro<\/td>\n<\/tr>\n<tr bgcolor=\"#DDDDDD\">\n<td align=\"left\" valign=\"top\">Campingf\u00fchrer \/ Stellplatzf\u00fchrer<\/td>\n<td align=\"right\" valign=\"top\">5,00 Euro<\/td>\n<\/tr>\n<\/tbody>\n<\/table>\n<p>&nbsp;<\/p>\n","protected":false},"excerpt":{"rendered":"<p>Service: Montage und Verkauf von Markisen, SAT-TV Anlagen und Solaranlagen auf Kastenwagen. Gaspr\u00fcfung nach G607 k\u00f6nnen auch bei Ihnen zu Hause oder auf Campingpl\u00e4tzen durchgef\u00fchrt werden. Je nach Entfernung und <a class=\"more-link\" href=\"https:\/\/www.wohnmobil-soest.de\/index.php\/zubehoer\/\"><\/a><\/p>\n","protected":false},"author":2,"featured_media":0,"parent":0,"menu_order":0,"comment_status":"closed","ping_status":"closed","template":"","meta":{"footnotes":""},"class_list":["post-21","page","type-page","status-publish","hentry"],"_links":{"self":[{"href":"https:\/\/www.wohnmobil-soest.de\/index.php\/wp-json\/wp\/v2\/pages\/21"}],"collection":[{"href":"https:\/\/www.wohnmobil-soest.de\/index.php\/wp-json\/wp\/v2\/pages"}],"about":[{"href":"https:\/\/www.wohnmobil-soest.de\/index.php\/wp-json\/wp\/v2\/types\/page"}],"author":[{"embeddable":true,"href":"https:\/\/www.wohnmobil-soest.de\/index.php\/wp-json\/wp\/v2\/users\/2"}],"replies":[{"embeddable":true,"href":"https:\/\/www.wohnmobil-soest.de\/index.php\/wp-json\/wp\/v2\/comments?post=21"}],"version-history":[{"count":9,"href":"https:\/\/www.wohnmobil-soest.de\/index.php\/wp-json\/wp\/v2\/pages\/21\/revisions"}],"predecessor-version":[{"id":81,"href":"https:\/\/www.wohnmobil-soest.de\/index.php\/wp-json\/wp\/v2\/pages\/21\/revisions\/81"}],"wp:attachment":[{"href":"https:\/\/www.wohnmobil-soest.de\/index.php\/wp-json\/wp\/v2\/media?parent=21"}],"curies":[{"name":"wp","href":"https:\/\/api.w.org\/{rel}","templated":true}]}}